{"id":12,"date":"2018-12-11T09:20:08","date_gmt":"2018-12-11T08:20:08","guid":{"rendered":"http:\/\/www.besancon-sport-airsoft.com\/2018\/?page_id=12"},"modified":"2022-01-02T11:15:09","modified_gmt":"2022-01-02T10:15:09","slug":"qui-sommes-nous","status":"publish","type":"page","link":"https:\/\/www.besancon-sport-airsoft.com\/2018\/qui-sommes-nous\/","title":{"rendered":"Qui sommes nous ?"},"content":{"rendered":"\n<figure class=\"wp-block-image\"><img loading=\"lazy\" decoding=\"async\" width=\"846\" height=\"520\" src=\"http:\/\/www.besancon-sport-airsoft.com\/2018\/wp-content\/uploads\/2018\/12\/Logo-BSA.jpg\" alt=\"\" class=\"wp-image-102\" srcset=\"https:\/\/www.besancon-sport-airsoft.com\/2018\/wp-content\/uploads\/2018\/12\/Logo-BSA.jpg 846w, https:\/\/www.besancon-sport-airsoft.com\/2018\/wp-content\/uploads\/2018\/12\/Logo-BSA-300x184.jpg 300w, https:\/\/www.besancon-sport-airsoft.com\/2018\/wp-content\/uploads\/2018\/12\/Logo-BSA-768x472.jpg 768w\" sizes=\"auto, (max-width: 846px) 100vw, 846px\" \/><\/figure>\n\n\n\n<h3 class=\"wp-block-heading\">Pr\u00e9sentation de l&rsquo;association<\/h3>\n\n\n\n<p><strong>B<\/strong>esan\u00e7on&nbsp;<strong>S<\/strong>port&nbsp;<strong>A<\/strong>irsoft (BSA) est une association loi 1901 cr\u00e9\u00e9e le 25 novembre 2007.<\/p>\n\n\n\n<p>Elle a pour but de promouvoir les activit\u00e9s sportives de plein air, notamment&nbsp;<a href=\"http:\/\/www.besancon-sport-airsoft.com\/2018\/quest-ce-que-cest\/\">l&rsquo;airsoft<\/a>, dans la r\u00e9gion de Besan\u00e7on ainsi que dans le Doubs et la Franche-comt\u00e9, par une pratique favorisant&nbsp;<strong>le respect, l&rsquo;esprit d&rsquo;\u00e9quipe<\/strong>&nbsp;et&nbsp;<strong>le fair-play<\/strong>. Par son activit\u00e9 de plein air, l&rsquo;association s&rsquo;engage \u00e0 promouvoir le&nbsp;<strong>respect de l&rsquo;environnement<\/strong>.<\/p>\n\n\n\n<p>Nous n&rsquo;appartenons \u00e0 aucun mouvement d&rsquo;ordre religieux ou politique, nous n&rsquo;approuvons pas la violence quelle qu&rsquo;elle soit. L&rsquo;airsoft est un sport de d\u00e9tente et d&rsquo;amusement !<\/p>\n\n\n\n<p>Toute personne int\u00e9ress\u00e9e peut s&rsquo;essayer \u00e0 ce sport sans \u00eatre forcement membre de cette association. Dans le cas o\u00f9 elle appr\u00e9cie ce sport, il est possible ensuite de le pratiquer plus r\u00e9guli\u00e8rement si la personne en question adh\u00e8re \u00e0 l&rsquo;association.<\/p>\n\n\n\n<h3 class=\"wp-block-heading\">Historique de l&rsquo;association :<\/h3>\n\n\n\n<h4 class=\"wp-block-heading\">1\u00b0) l&rsquo;\u00e9poque VF :<\/h4>\n\n\n\n<p>&nbsp; &nbsp; &nbsp; &nbsp; L&rsquo;association est n\u00e9e d&rsquo;une \u00e9quipe qui a commenc\u00e9 \u00e0 pratiquer ce loisir au tout d\u00e9but de l&rsquo;ann\u00e9e 2002 et a rassembl\u00e9 tr\u00e8s rapidement un certain nombre de joueurs (une quinzaine). Mais \u00e0 cette \u00e9poque, nous n&rsquo;\u00e9tions pas v\u00e9ritablement une \u00e9quipe, celle-ci ayant \u00e9t\u00e9 baptis\u00e9e \u00ab\u00a0V\u00e9ronikaForce\u00a0\u00bb seulement au printemps 2005. Ce nom est issu de la rue des V\u00e9ronique ou plusieurs joueurs r\u00e9sidaient.<br><br>&nbsp;Nous \u00e9tions tous d\u00e9butants et tr\u00e8s mal \u00e9quip\u00e9s, mais le plaisir et les frissons \u00e9taient d\u00e9j\u00e0 l\u00e0. Nous ignorions m\u00eame l&rsquo;existence d&rsquo;autres \u00e9quipes et de cette pratique. Peu \u00e0 peu, nous avons d\u00e9couvert la tr\u00e8s large panoplie des r\u00e9pliques. La plupart des joueurs de cette \u00e9poque ont commenc\u00e9 \u00e0 jouer avec des r\u00e9pliques de poing spring, puis des r\u00e9pliques longues toujours en spring. Ce fut qu&rsquo;apr\u00e8s quelques ann\u00e9es que les premiers AEG sont arriv\u00e9s. Mais le style de jeu restait tr\u00e8s semblable car pour ne pas trop d\u00e9s\u00e9quilibrer les \u00e9quipes, les personnes poss\u00e9dant des AEG n&rsquo;utilisaient que le semi. Ce style de jeu a perdur\u00e9 un certain nombres d&rsquo;ann\u00e9es.&nbsp;<br>&nbsp;Il est aussi \u00e0 noter qu&rsquo;\u00e0 l&rsquo;\u00e9poque, le syst\u00e8me de jeu utilisant les respawns \u00e9tait utilis\u00e9 tr\u00e8s rarement : un joueurs mis OUT l&rsquo;\u00e9tait jusqu&rsquo;\u00e0 la fin de la partie. Les principaux terrains utilis\u00e9s \u00e9taient des bois et champs \u00e0 proximit\u00e9 de la rue des V\u00e9roniques nomm\u00e9 simplement par des num\u00e9ros : bois 1, 2, 3, 4, 5, petit 4 et petit 5. Le terrain actuelle de l&rsquo;association BSA : \u00ab\u00a0le bois z\u00e9ro\u00a0\u00bb (nom num\u00e9ro provenant de cette \u00e9poque) a \u00e9t\u00e9 utilis\u00e9 par la suite et mais \u00e9tant \u00e9loign\u00e9 des autres terrains, il n&rsquo;\u00e9tait pas souvent utilis\u00e9.<br><br>&nbsp;Nous organisions des parties environ une par mois, ainsi qu&rsquo;une \u00ab\u00a0nocturne annuelle\u00a0\u00bb (10 mai 2003 ; 19 juin 2004 ; juillet 2005 ; 22 juillet 2006 ; 18 Aout 2006). Une dizaine de joueur composait l&rsquo;\u00e9quipe hormis ceux qui participaient de temps en temps.<br><br>Nous \u00e9tions tout \u00e0 fait ouverts quant au fait d&rsquo;accueillir des personnes int\u00e9ress\u00e9es voulant essayer ou bien m\u00eame rentrer dans l&rsquo;\u00e9quipe. De plus, nous projetions \u00e9galement de rencontrer d&rsquo;autres \u00e9quipes avec lesquelles nous pourrions organiser des parties.&nbsp;<br>C&rsquo;est pour cette raison qu&rsquo;en 2005, Worms a commenc\u00e9 la cr\u00e9ation d&rsquo;un site internet afin de faire conna\u00eetre cette \u00e9quipe dans la r\u00e9gion.<br>La version 1&nbsp;a commenc\u00e9e \u00e0 \u00eatre d\u00e9velopp\u00e9 vers le 9 f\u00e9vrier 2005 mais \u00e9tant tr\u00e8s peu \u00e9volu\u00e9 et r\u00e9alis\u00e9e avec un logiciel de traitement de texte, elle ne fut jamais mise en ligne. La derni\u00e8re mise \u00e0 jour de cette version date du 28 avril 2005.<br>La version 2&nbsp;fut la premi\u00e8re \u00e0 \u00eatre mise en ligne sur h\u00e9bergeur siteheb.com (disparu depuis). Elle a commenc\u00e9e \u00e0 \u00eatre d\u00e9velopp\u00e9 vers le 9 f\u00e9vrier 2005 purement en HTML.<br>Le site a ensuite \u00e9t\u00e9 transf\u00e9r\u00e9 chez ifrance.fr et enfin il a termin\u00e9 chez free.fr le 09 d\u00e9cembre 2006. La derni\u00e8re mise \u00e0 jour sur h\u00e9bergeur free date du 22 aout 2006.<br>&nbsp;C&rsquo;est alors que JiiM a particip\u00e9 \u00e0 sa mise \u00e0 jour notamment pour les images et le style.<br>Une version de ce site subsiste encore \u00e0 cette adresse (derni\u00e8re mise \u00e0 jour date du 9 janvier 2006 )&nbsp; :<br>http:\/\/veronika-force.ifrance.com\/<br>La version 3&nbsp;a \u00e9t\u00e9 mise en ligne le 27 septembre 2006 et a \u00e9t\u00e9 d\u00e9velopp\u00e9 en HTML et PHP. Les contributeurs de cette version \u00e9tait Worms et JiiM pour les images puis \u00e9galement Kao..98 pour le fonctionnement interne et le forum.<br>Le forum utilis\u00e9 \u00e0 cette \u00e9poque \u00e9tait une partie d&rsquo;un forum de Need For Speed g\u00e9r\u00e9 par Kao..98.<br>Apr\u00e8s deux ans de fonctionnement la derni\u00e8re mise \u00e0 jour date du 07 juin 2008 pour des raisons de cr\u00e9ation d&rsquo;une autre version.<br>Une version de ce site subsiste encore \u00e0 cette adresse :<br>http:\/\/veronikaforce.free.fr\/index.php<br>La version 4&nbsp;\u00e9tant le site BSA mis en place en le 04 f\u00e9vrier 2008 avec un forum int\u00e9gr\u00e9 mais ouvert au public fin avril 2008. Les administrateurs du site sont Ju de tomate Kao..89 et Worms.<br>Une version de ce site subsiste encore \u00e0 cette adresse :<br>http:\/\/theoldbsa.com<\/p>\n\n\n\n<p>La version 5 (actuelle) du site mise en place fin 2018 par Ju suite \u00e0 des soucis de maintien de l&rsquo;ancien forum. Cr\u00e9er a l&rsquo;aide de WordPress afin de faciliter le maintien par les diff\u00e9rents comit\u00e9.<br><\/p>\n\n\n\n<h4 class=\"wp-block-heading\">2\u00b0) L&rsquo;\u00e9poque BSA :<\/h4>\n\n\n\n<p>L&rsquo;association est n\u00e9e apr\u00e8s le d\u00e9pot du dossier en prefecture du doubs le 15 novembre 2007 puis suite \u00e0 la publication au Journal Officiel associations n\u00b00049 le 08 d\u00e9cembre 2007 dans l&rsquo;annonce n\u00b000386 avec &#8230;. membres.<br>On peut trouver les statuts de cette association sur son site.<br>&nbsp;Le terrain principal actuellement utilis\u00e9 par cette association est le \u00ab\u00a0Bois Z\u00e9ro\u00a0\u00bb d\u00e9j\u00e0 cit\u00e9 pr\u00e9c\u00e9demment&nbsp;<br>Apr\u00e8s des d\u00e9but difficile, cette association croit en nombre de membres r\u00e9guli\u00e8rement et cette croissance s&rsquo;est accentu\u00e9e depuis quelques ann\u00e9es.<br>Elle compte en 2009 plus d&rsquo;une trentaine de membres.<br>Afin de permettre une meilleur organisation face un nombre croissant de membre, une assembl\u00e9 g\u00e9n\u00e9ral extraordinaire a \u00e9t\u00e9 organis\u00e9 le 27 juin 2009. Il en est sortie des nouveaux statuts et une organisation par p\u00f4le fonctionnelle (La communication externe, le mat\u00e9riel, le parrainage, le terrain et les parties).<\/p>\n\n\n\n<p>Une rotule organisationnelle a eu lieu courant 2009, p\u00e9riode \u00e0 laquelle un besoin de structuration s&rsquo;est fait sentir. Apr\u00e8s quelques r\u00e9unions d&rsquo;anciens , il a \u00e9t\u00e9 d\u00e9cid\u00e9 de mettre en place un organe de gestion et de direction afin de r\u00e9pondre aux besoins nouveaux de l&rsquo;association, le comit\u00e9 est n\u00e9, un outils d\u00e9mocratique , \u00e9lu par les membres BSA qui est compos\u00e9 de poste de responsable n\u00e9cessaire au bon fonctionnement de BSA et g\u00e9re l&rsquo;association.<\/p>\n\n\n\n<p>Un vent nouveau souffle, un nouvelle dynamique, le nombre de membre croit et d&rsquo;autres terrains font leur apparitions.<\/p>\n\n\n\n<p>Aujourd&rsquo;hui BSA continue de proposer un approche s\u00e9rieuse et sympathique de l&rsquo;airsoft, pr\u00e9f\u00e9rant la qualit\u00e9 que cela soit au niveau du jeu ou des relations entre ses membres \u00e0 la quantit\u00e9 de ces derniers.<\/p>\n\n\n\n<p>&#8230;.\u00e0 suivre<\/p>\n\n\n\n<h3 class=\"wp-block-heading\">Historique des diff\u00e9rents r\u00f4les\/responsables :<\/h3>\n\n\n\n<figure class=\"wp-block-table is-style-stripes\"><table><tbody><tr><td><\/td><td>Pr\u00e9sident<\/td><td>Tr\u00e9sorier<\/td><td>Secr\u00e9taire<\/td><td>Responsable partie<\/td><td>Responsable mat\u00e9riel<\/td><td>Responsable terrain<\/td><td>Responsable Parrainage<\/td><td>Responsable de la com externe<\/td><td>Webmaster<\/td><\/tr><tr><td>2008\/2009<\/td><td>King cheap<\/td><td>Ju de tomate<\/td><td>Chichi<\/td><td><\/td><td><\/td><td><\/td><td><\/td><td><\/td><td>Kao 98<\/td><\/tr><tr><td>2009\/2010<\/td><td> King cheap <\/td><td> Ju de tomate <\/td><td>JiiM<\/td><td>Volcane<\/td><td>Carrouf<\/td><td>Daams<\/td><td>King cheap<\/td><td>Margo<\/td><td> Kao 98 <\/td><\/tr><tr><td>2010\/2011<\/td><td>Paploo<\/td><td> Ju de tomate <\/td><td>Margo<\/td><td>Vetea<\/td><td> Carrouf <\/td><td>Guigz<\/td><td> Paploo <\/td><td> Margo <\/td><td> Ju de tomate <\/td><\/tr><tr><td>2011\/2012<\/td><td> Paploo <\/td><td> Ju de tomate <\/td><td> Margo <\/td><td> Vetea <\/td><td> Carrouf <\/td><td>Dav0902<\/td><td>Bilbear<\/td><td>Khan<\/td><td> Ju de tomate <\/td><\/tr><tr><td>2012\/2013<\/td><td> Paploo <\/td><td> Ju de tomate <\/td><td> Vetea <\/td><td>Khan<\/td><td> Carrouf <\/td><td> Dav0902 <\/td><td>Sergent<\/td><td> Khan <\/td><td> Ju de tomate <\/td><\/tr><tr><td>2013\/2014<\/td><td> Paploo <\/td><td>Carrouf<\/td><td> Rios <\/td><td>Exezette<\/td><td>Sergent<\/td><td>Bilbear<\/td><td>Sonic<\/td><td>Biscuit<\/td><td> Ju de tomate  <\/td><\/tr><tr><td>2014\/2015<\/td><td> Paploo <\/td><td> Carrouf <\/td><td> Mika <\/td><td>Biscuit<\/td><td> Sergent <\/td><td>Batist<\/td><td><\/td><td> Biscuit <\/td><td><\/td><\/tr><tr><td>2015\/2016<\/td><td> Paploo  <\/td><td> Carrouf <\/td><td>Skel<\/td><td>GumGum<\/td><td> Sergent <\/td><td> Batist <\/td><td><\/td><td>GumGum<\/td><td>Roic<\/td><\/tr><tr><td>2016\/2017<\/td><td> Grimreaper <\/td><td> Carrouf <\/td><td> Skel <\/td><td><\/td><td>Lynx<\/td><td>Quicky<\/td><td><\/td><td>Mrx<\/td><td>Roic<\/td><\/tr><tr><td>2018\/2019<\/td><td>L\u00e9on<\/td><td> Spondy<\/td><td>Ymersyon<\/td><td>Matt<\/td><td>PV<\/td><td> Matt <\/td><td><\/td><td>Bilbear<\/td><td> Ju de tomate <\/td><\/tr><tr><td>2019\/2020<\/td><td>L\u00e9on<\/td><td> Spondy <\/td><td> Ymersyon <\/td><td>Matt<\/td><td>PV<\/td><td>Titripe<\/td><td><\/td><td>Artio<\/td><td> Ju de tomate <\/td><\/tr><tr><td>2020\/2021<\/td><td>L\u00e9on<\/td><td>Spondy<\/td><td>PV<\/td><td>Biscuit<\/td><td>El-Totor<\/td><td>Titripe<\/td><td><\/td><td><\/td><td><\/td><\/tr><tr><td>2021\/2022<\/td><td>Titripe<\/td><td>El-totor<\/td><td><\/td><td>Izaran\/Aegidius<\/td><td><\/td><td>Mateus<\/td><td><\/td><td><\/td><td>Guill<\/td><\/tr><\/tbody><\/table><\/figure>\n","protected":false},"excerpt":{"rendered":"<p>Pr\u00e9sentation de l&rsquo;association Besan\u00e7on&nbsp;Sport&nbsp;Airsoft (BSA) est une association loi 1901 cr\u00e9\u00e9e le 25 novembre 2007. Elle a pour but de promouvoir les activit\u00e9s sportives de plein air, notamment&nbsp;l&rsquo;airsoft, dans la r\u00e9gion de Besan\u00e7on ainsi que dans le Doubs et la Franche-comt\u00e9, par une pratique favorisant&nbsp;le respect, l&rsquo;esprit d&rsquo;\u00e9quipe&nbsp;et&nbsp;le fair-play. Par son activit\u00e9 de plein air, [&hellip;]<\/p>\n","protected":false},"author":1,"featured_media":0,"parent":0,"menu_order":0,"comment_status":"closed","ping_status":"closed","template":"","meta":{"ngg_post_thumbnail":0,"footnotes":""},"class_list":["post-12","page","type-page","status-publish","hentry"],"_links":{"self":[{"href":"https:\/\/www.besancon-sport-airsoft.com\/2018\/wp-json\/wp\/v2\/pages\/12","targetHints":{"allow":["GET"]}}],"collection":[{"href":"https:\/\/www.besancon-sport-airsoft.com\/2018\/wp-json\/wp\/v2\/pages"}],"about":[{"href":"https:\/\/www.besancon-sport-airsoft.com\/2018\/wp-json\/wp\/v2\/types\/page"}],"author":[{"embeddable":true,"href":"https:\/\/www.besancon-sport-airsoft.com\/2018\/wp-json\/wp\/v2\/users\/1"}],"replies":[{"embeddable":true,"href":"https:\/\/www.besancon-sport-airsoft.com\/2018\/wp-json\/wp\/v2\/comments?post=12"}],"version-history":[{"count":26,"href":"https:\/\/www.besancon-sport-airsoft.com\/2018\/wp-json\/wp\/v2\/pages\/12\/revisions"}],"predecessor-version":[{"id":1485,"href":"https:\/\/www.besancon-sport-airsoft.com\/2018\/wp-json\/wp\/v2\/pages\/12\/revisions\/1485"}],"wp:attachment":[{"href":"https:\/\/www.besancon-sport-airsoft.com\/2018\/wp-json\/wp\/v2\/media?parent=12"}],"curies":[{"name":"wp","href":"https:\/\/api.w.org\/{rel}","templated":true}]}}